mainder when 1436107 is divided by 29308.
15
Calculate the remainder when 296253 is divided by 16438.
369
What is the remainder when 1667319 is divided by 1317?
1314
Calculate the remainder when 12856036 is divided by 14.
4
What is the remainder when 189064 is divided by 9642?
5866
What is the remainder when 66526663 is divided by 23785?
18
Calculate the remainder when 400289 is divided by 4601.
2
What is the remainder when 441060 is divided by 490?
60
What is the remainder when 25690 is divided by 4630?
2540
Calculate the remainder when 3633403 is divided by 996.
991
What is the remainder when 65177 is divided by 987?
35
Calculate the remainder when 14563020 is divided by 17979.
30
What is the remainder when 7567 is divided by 6869?
698
What is the remainder when 5527227 is divided by 4975?
2
Calculate the remainder when 22209 is divided by 10981.
247
Calculate the remainder when 714945 is divided by 8411.
10
Calculate the remainder when 3340551 is divided by 438.
363
What is the remainder when 1581964 is divided by 159?
73
What is the remainder when 704559 is divided by 100643?
58
Calculate the remainder when 2611515 is divided by 870503.
6
What is the remainder when 31703 is divided by 31686?
17
What is the remainder when 6390474 is divided by 1001?
90
Calculate the remainder when 25403 is divided by 6264.
347
Calculate the remainder when 7348317 is divided by 167007.
9
Calculate the remainder when 71605467 is divided by 15.
12
Calculate the remainder when 9942372 is divided by 262.
258
Calculate the remainder when 3756923 is divided by 6346.
91
What is the remainder when 218225 is divided by 108436?
1353
What is the remainder when 2684041 is divided by 287?
17
Calculate the remainder when 5130038 is divided by 16495.
93
Calculate the remainder when 375615 is divided by 62581.
129
Calculate the remainder when 263220648 is divided by 154.
152
Calculate the remainder when 8292400 is divided by 259.
256
What is the remainder when 9542158 is divided by 427?
416
What is the remainder when 5921474 is divided by 80?
34
What is the remainder when 29385 is divided by 2038?
853
Calculate the remainder when 12603533 is divided by 2313.
2309
Calculate the remainder when 9566 is divided by 155.
111
What is the remainder when 75816 is divided by 625?
191
What is the remainder when 66676362 is divided by 21?
18
Calculate the remainder when 937896 is divided by 255.
6
Calculate the remainder when 11777035 is divided by 15.
10
What is the remainder when 3042639 is divided by 57?
36
What is the remainder when 1192740 is divided by 1601?
1596
Calculate the remainder when 91759080 is divided by 18351814.
10
Calculate the remainder when 2262333 is divided by 342.
3
What is the remainder when 2658942 is divided by 74?
48
What is the remainder when 202302 is divided by 40450?
52
Calculate the remainder when 181808 is divided by 95.
73
What is the remainder when 117562 is divided by 4770?
3082
Calculate the remainder when 3027991 is divided by 64.
23
Calculate the remainder when 26811430 is divided by 2830.
10
Calculate the remainder when 252884 is divided by 492.
488
What is the remainder when 338329 is divided by 168846?
637
What is the remainder when 163821 is divided by 283?
247
Calculate the remainder when 45110205 is divided by 41.
37
Calculate the remainder when 381595 is divided by 63526.
439
Calculate the remainder when 2571453 is divided by 8.
5
What is the remainder when 69650280 is divided by 11620?
0
Calculate the remainder when 18598417 is divided by 2324798.
33
What is the remainder when 164206363 is divided by 2027239?
4
What is the remainder when 196748 is divided by 10?
8
What is the remainder when 3531182 is divided by 18016?
46
Calculate the remainder when 13541 is divided by 6689.
163
Calculate the remainder when 2244598 is divided by 36.
34
What is the remainder when 1153321 is divided by 5492?
1
Calculate the remainder when 855194 is divided by 5857.
72
What is the remainder when 1216162 is divided by 1382?
2
What is the remainder when 128411 is divided by 97?
80
Calculate the remainder when 626580 is divided by 16931.
133
Calculate the remainder when 317920 is divided by 465.
325
Calculate the remainder when 31466891 is divided by 10488961.
8
Calculate the remainder when 53682992 is divided by 9.
8
What is the remainder when 2377651 is divided by 659?
638
What is the remainder when 824522 is divided by 274774?
200
Calculate the remainder when 4710311 is divided by 111.
26
Calculate the remainder when 265656 is divided by 148.
144
Calculate the remainder when 1274233 is divided by 636382.
1469
Calculate the remainder when 44851 is divided by 247.
144
What is the remainder when 578915 is divided by 575860?
3055
What is the remainder when 1070745 is divided by 118971?
6
What is the remainder when 2504553 is divided by 108893?
14
Calculate the remainder when 391862 is divided by 9055.
2497
Calculate the remainder when 137558920 is divided by 19.
3
Calculate the remainder when 3535251 is divided by 358.
1
What is the remainder when 580605 is divided by 377?
25
What is the remainder when 28609835 is divided by 280?
275
Calculate the remainder when 1038795 is divided by 15.
0
Calculate the remainder when 2876204 is divided by 3564.
56
What is the remainder when 376255563 is divided by 7713?
7710
What is the remainder when 19700 is divided by 4230?
2780
What is the remainder when 263344 is divided by 119?
116
Calculate the remainder when 2400789 is divided by 333.
192
What is the remainder when 18146459 is divided by 5213?
6
What is the remainder when 135985 is divided by 1384?
353
What is the remainder when 55908 is divided by 13977?
0
What is the remainder when 4776995 is divided by 2388471?
53
What is the remainder when 20952695 is divided by 6984227?
14
Calculate the remainder when 57243 is divided by 2496.
2331
Calculate the remainder when 172709278 is divided by 40.
38
What is the remainder when 184688 is divided by 171?
8
Calculate the remainder when 28819 is divided by 1829.
1384
What is the remainder when 2481722 is divided by 364?
334
Calculate the remainder when 172174 is divided by 2965.
204
Calculate the remainder when 102197 is divided by 340.
197
What is the remainder when 20600 is divided by 5038?
448
What is the remainder when 37969 is divided by 1625?
594
What is the remainder when 1451036 is divided by 181368?
92
What is the remainder when 25777 is divided by 1074?
1
Calculate the remainder when 79917 is divided by 2150.
367
What is the remainder when 20035964 is divided by 1908?
56
Calculate the remainder when 1941943 is divided by 37.
35
What is the remainder when 11585751 is divided by 2896430?
31
Calculate the remainder when 5043429 is divided by 168114.
9
What is the remainder when 494122 is divided by 1377?
1156
Calculate the remainder when 96014716 is divided by 32004892.
40
What is the remainder when 645159 is divided by 2499?
417
What is the remainder when 45201 is divided by 4729?
2640
What is the remainder when 25160155 is divided by 1060?
1055
What is the remainder when 258450 is divided by 129196?
58
Calculate the remainder when 6791100 is divided by 130598.
4
Calculate the remainder when 6532764 is divided by 2774.
2768
What is the remainder when 1680495 is divided by 93331?
537
Calculate the remainder when 502332 is divided by 156.
12
What is the remainder when 909888 is divided by 303295?
3
Calculate the remainder when 527424 is divided by 2899.
2705
What is the remainder when 6558320 is divided by 1233?
1226
What is the remainder when 858901 is divided by 808?
805
Calculate the remainder when 12416447 is divided by 1752.
23
What is the remainder when 487818 is divided by 1243?
562
Calculate the remainder when 4419946 is divided by 746.
642
Calculate the remainder when 18086245 is divided by 11.
1
Calculate the remainder when 193859 is divided by 371.
197
Calculate the remainder when 393620 is divided by 65576.
164
What is the remainder when 2357548 is divided by 2391?
22
Calculate the remainder when 1504430 is divided by 954.
926
Calculate the remainder when 2593242 is divided by 23574.
102
What is the remainder when 1171032 is divided by 33458?
2
What is the remainder when 11602606 is divided by 362577?
142